{"id":9200,"date":"2013-05-17T00:53:40","date_gmt":"2013-05-16T22:53:40","guid":{"rendered":"https:\/\/hbcpanel.com\/albiz\/keshilli-drejtues\/"},"modified":"2024-08-22T13:37:04","modified_gmt":"2024-08-22T12:37:04","slug":"keshilli-drejtues","status":"publish","type":"page","link":"https:\/\/albiz.org.mk\/en\/keshilli-drejtues\/","title":{"rendered":"Governing Council"},"content":{"rendered":"\t\t<div data-elementor-type=\"wp-page\" data-elementor-id=\"9200\" class=\"elementor elementor-9200 elementor-209\">\n\t\t\t\t<div class=\"elementor-element elementor-element-08a5127 e-flex e-con-boxed e-con e-parent\" data-id=\"08a5127\" data-element_type=\"container\" data-e-type=\"container\">\n\t\t\t\t\t<div class=\"e-con-inner\">\n\t\t<div class=\"elementor-element elementor-element-469f36b e-con-full e-flex e-con e-child\" data-id=\"469f36b\" data-element_type=\"container\" data-e-type=\"container\">\n\t\t\t\t<\/div>\n\t\t<div class=\"elementor-element elementor-element-39bd3ee e-con-full e-flex e-con e-child\" data-id=\"39bd3ee\" data-element_type=\"container\" data-e-type=\"container\">\n\t\t\t\t<div class=\"elementor-element elementor-element-b61f3df elementor-widget elementor-widget-text-editor\" data-id=\"b61f3df\" data-element_type=\"widget\" data-e-type=\"widget\" data-widget_type=\"text-editor.default\">\n\t\t\t\t<div class=\"elementor-widget-container\">\n\t\t\t\t\t\t\t\t\t<p>Besim Dauti (Kryetar k\u00ebshilli)<br \/>Mirvet Ramadani (n\u00ebnkryetar\u00eb)<\/p><p>Mevludin Ibishi<\/p><p>Nexhati Lika<\/p><p>Abdulrijad Tahiri<\/p><p>Mexhait Shaini<\/p><p>Ali Pajaiti<\/p><p>Flori Asani<\/p><p>Orhan Kadri<\/p><p>Ariana Raman<\/p><p>Ilir Idrizi (pa t\u00eb drejt vote)<\/p>\t\t\t\t\t\t\t\t<\/div>\n\t\t\t\t<\/div>\n\t\t\t\t<\/div>\n\t\t<div class=\"elementor-element elementor-element-0163c6f e-con-full e-flex e-con e-child\" data-id=\"0163c6f\" data-element_type=\"container\" data-e-type=\"container\">\n\t\t\t\t<\/div>\n\t\t\t\t\t<\/div>\n\t\t\t\t<\/div>\n\t\t\t\t<\/div>\n\t\t","protected":false},"excerpt":{"rendered":"<p>Besim Dauti (Kryetar k\u00ebshilli)Mirvet Ramadani (n\u00ebnkryetar\u00eb) Mevludin Ibishi Nexhati Lika Abdulrijad Tahiri Mexhait Shaini Ali Pajaiti Flori Asani Orhan Kadri Ariana Raman Ilir Idrizi (pa t\u00eb drejt vote)<\/p>\n","protected":false},"author":7,"featured_media":0,"parent":0,"menu_order":1,"comment_status":"closed","ping_status":"closed","template":"elementor_header_footer","meta":{"footnotes":""},"class_list":["post-9200","page","type-page","status-publish","hentry"],"_links":{"self":[{"href":"https:\/\/albiz.org.mk\/en\/wp-json\/wp\/v2\/pages\/9200","targetHints":{"allow":["GET"]}}],"collection":[{"href":"https:\/\/albiz.org.mk\/en\/wp-json\/wp\/v2\/pages"}],"about":[{"href":"https:\/\/albiz.org.mk\/en\/wp-json\/wp\/v2\/types\/page"}],"author":[{"embeddable":true,"href":"https:\/\/albiz.org.mk\/en\/wp-json\/wp\/v2\/users\/7"}],"replies":[{"embeddable":true,"href":"https:\/\/albiz.org.mk\/en\/wp-json\/wp\/v2\/comments?post=9200"}],"version-history":[{"count":2,"href":"https:\/\/albiz.org.mk\/en\/wp-json\/wp\/v2\/pages\/9200\/revisions"}],"predecessor-version":[{"id":9203,"href":"https:\/\/albiz.org.mk\/en\/wp-json\/wp\/v2\/pages\/9200\/revisions\/9203"}],"wp:attachment":[{"href":"https:\/\/albiz.org.mk\/en\/wp-json\/wp\/v2\/media?parent=9200"}],"curies":[{"name":"wp","href":"https:\/\/api.w.org\/{rel}","templated":true}]}}

<div data-elementor-type="wp-page" data-elementor-id="9200" class="elementor elementor-9200 elementor-209">
				<div class="elementor-element elementor-element-08a5127 e-flex e-con-boxed e-con e-parent" data-id="08a5127" data-element_type="container" data-e-type="container">
					<div class="e-con-inner">
		<div class="elementor-element elementor-element-469f36b e-con-full e-flex e-con e-child" data-id="469f36b" data-element_type="container" data-e-type="container">
				</div>
		<div class="elementor-element elementor-element-39bd3ee e-con-full e-flex e-con e-child" data-id="39bd3ee" data-element_type="container" data-e-type="container">
				<div class="elementor-element elementor-element-b61f3df elementor-widget elementor-widget-text-editor" data-id="b61f3df" data-element_type="widget" data-e-type="widget" data-widget_type="text-editor.default">
				<div class="elementor-widget-container">
									<p>Besim Dauti (Kryetar këshilli)<br />Mirvet Ramadani (nënkryetarë)</p><p>Mevludin Ibishi</p><p>Nexhati Lika</p><p>Abdulrijad Tahiri</p><p>Mexhait Shaini</p><p>Ali Pajaiti</p><p>Flori Asani</p><p>Orhan Kadri</p><p>Ariana Raman</p><p>Ilir Idrizi (pa të drejt vote)</p>								</div>
				</div>
				</div>
		<div class="elementor-element elementor-element-0163c6f e-con-full e-flex e-con e-child" data-id="0163c6f" data-element_type="container" data-e-type="container">
				</div>
					</div>
				</div>
				</div>

<p>Besim Dauti (Kryetar këshilli)Mirvet Ramadani (nënkryetarë) Mevludin Ibishi Nexhati Lika Abdulrijad Tahiri Mexhait Shaini Ali Pajaiti Flori Asani Orhan Kadri Ariana Raman Ilir Idrizi (pa të drejt vote)</p>
